st common factor of 25430 and 10090.
10
Calculate the greatest common divisor of 9099 and 432.
27
Calculate the greatest common factor of 60144 and 16.
16
Calculate the greatest common factor of 24 and 660012.
12
Calculate the greatest common factor of 2175 and 945603.
87
Calculate the highest common divisor of 402 and 1067109.
201
What is the highest common factor of 689988 and 468?
156
What is the highest common divisor of 25095 and 4063?
239
Calculate the greatest common factor of 24 and 196356.
12
Calculate the greatest common divisor of 8 and 13316.
4
What is the greatest common divisor of 22761 and 1053?
81
What is the highest common divisor of 11172 and 384?
12
What is the highest common factor of 1041536 and 206?
206
Calculate the greatest common factor of 43 and 263719.
43
What is the highest common divisor of 140 and 337050?
70
Calculate the highest common factor of 372 and 2000058.
186
What is the highest common divisor of 69 and 532059?
69
Calculate the highest common factor of 1294663 and 1195.
239
Calculate the highest common divisor of 5034 and 96.
6
What is the greatest common divisor of 74689 and 19?
19
What is the highest common factor of 462176 and 66?
22
What is the highest common divisor of 2697283 and 47?
47
Calculate the greatest common factor of 6349 and 329241.
907
What is the highest common factor of 1168 and 9344?
1168
Calculate the highest common divisor of 50912 and 516.
172
What is the greatest common divisor of 67404 and 123?
123
Calculate the greatest common factor of 30 and 251310.
30
What is the highest common factor of 4950 and 3900?
150
Calculate the highest common factor of 81 and 35691.
3
What is the highest common factor of 27286 and 126?
14
Calculate the highest common divisor of 104 and 54616.
8
Calculate the highest common factor of 118 and 2114088.
118
What is the highest common factor of 66 and 56133?
33
What is the greatest common divisor of 2261 and 12901?
133
What is the greatest common factor of 153765 and 15?
15
What is the highest common factor of 11725 and 189?
7
What is the greatest common factor of 753654 and 11?
11
What is the highest common factor of 17080 and 4970?
70
What is the greatest common factor of 1326 and 28977?
39
Calculate the highest common divisor of 1104 and 13938.
138
Calculate the highest common divisor of 77763 and 245.
49
Calculate the highest common factor of 220 and 6977630.
110
Calculate the greatest common divisor of 31855 and 115.
115
Calculate the greatest common factor of 15953 and 4816.
301
What is the greatest common factor of 30 and 579870?
30
What is the highest common divisor of 27811 and 274?
137
Calculate the greatest common factor of 1981 and 2264.
283
What is the highest common factor of 1314 and 9344?
146
Calculate the greatest common divisor of 276104 and 16.
8
Calculate the highest common factor of 196 and 5208.
28
Calculate the greatest common divisor of 34755 and 525.
105
Calculate the greatest common divisor of 1380 and 172776.
276
Calculate the greatest common factor of 102 and 851122.
34
What is the greatest common divisor of 107440 and 55300?
1580
What is the greatest common divisor of 560 and 203728?
112
Calculate the greatest common divisor of 189918 and 2.
2
Calculate the highest common divisor of 36 and 2363454.
18
Calculate the greatest common factor of 43888 and 312.
104
Calculate the greatest common factor of 4147 and 8063.
11
What is the highest common divisor of 78736 and 3626?
518
Calculate the highest common divisor of 4893 and 7.
7
What is the greatest common factor of 49125 and 103875?
375
Calculate the highest common factor of 357 and 676617.
51
What is the highest common factor of 2965432 and 8?
8
Calculate the highest common factor of 180 and 1815120.
180
Calculate the greatest common factor of 10 and 1355050.
10
What is the highest common factor of 1608 and 168?
24
What is the greatest common divisor of 26751634 and 26?
26
What is the greatest common factor of 159181 and 11165?
319
Calculate the highest common factor of 441 and 12299.
49
Calculate the greatest common divisor of 17075 and 135.
5
Calculate the highest common divisor of 4582858 and 14.
14
Calculate the highest common factor of 775 and 6169.
31
Calculate the highest common factor of 10 and 119905.
5
What is the highest common factor of 2 and 59456?
2
Calculate the highest common divisor of 508 and 42545.
127
What is the highest common factor of 2632 and 4277?
329
Calculate the highest common factor of 50 and 61225.
25
Calculate the highest common factor of 1536 and 3360.
96
Calculate the greatest common factor of 166 and 128069.
83
Calculate the greatest common factor of 44 and 3916.
44
What is the greatest common divisor of 5946492 and 74?
74
Calculate the highest common factor of 133834 and 61.
61
What is the highest common divisor of 3042 and 225?
9
Calculate the highest common divisor of 174 and 311750.
58
What is the greatest common factor of 224 and 422128?
112
What is the greatest common divisor of 208 and 9555?
13
Calculate the greatest common divisor of 12367 and 747.
83
Calculate the greatest common divisor of 13893 and 198291.
1263
Calculate the highest common divisor of 3026235 and 105.
15
Calculate the greatest common divisor of 8 and 487440.
8
Calculate the highest common factor of 6957 and 45607.
773
What is the greatest common factor of 540 and 320?
20
What is the greatest common factor of 420 and 6062?
14
What is the highest common divisor of 9585 and 3267?
27
What is the highest common factor of 37 and 784289?
37
Calculate the greatest common divisor of 275 and 6215.
55
Calculate the highest common factor of 1992 and 661593.
249
What is the highest common factor of 1550783 and 26?
13
Calculate the greatest common factor of 13880 and 40.
40
What is the greatest common factor of 70 and 1195565?
35
What is the greatest common divisor of 2544 and 5406?
318
Calculate the highest common divisor of 2925 and 2697825.
975
What is the greatest common factor of 316 and 9085948?
316
What is the greatest common factor of 15808 and 352640?
1216
Calculate the greatest common divisor of 11304 and 72.
72
What is the greatest common factor of 8930 and 54720?
190
Calculate the highest common divisor of 922 and 445787.
461
Calculate the highest common factor of 17 and 655673.
17
Calculate the greatest common divisor of 113244 and 48.
12
What is the highest common divisor of 3919587 and 14?
7
What is the highest common divisor of 27545 and 105?
35
Calculate the greatest common factor of 744058 and 126.
14
What is the highest common divisor of 2404252 and 9058?
1294
What is the greatest common factor of 13112 and 680632?
1192
What is the greatest common factor of 355 and 1065?
355
Calculate the greatest common factor of 8000 and 6592.
64
What is the highest common factor of 8 and 3589?
1
Calculate the highest common factor of 266367 and 27.
3
What is the greatest common factor of 28992 and 576?
192
Calculate the highest common factor of 12166 and 1540.
154
Calculate the greatest common factor of 9352 and 154.
14
Calculate the greatest common factor of 68669 and 20.
1
Calculate the greatest common factor of 83169 and 72.
9
What is the highest common factor of 12 and 70212?
12
Calculate the highest common divisor of 112146 and 66.
6
Calculate the greatest common divisor of 442 and 242437.
221
Calculate the highest common factor of 5229166 and 83.
83
Calculate the greatest common divisor of 8640 and 14715.
135
Calculate the greatest common divisor of 1799 and 260341.
257
Calculate the greatest common divisor of 24 and 1662720.
24
What is the highest common factor of 200 and 16300?
100
What is the highest common divisor of 3510 and 1747440?
270
Calculate the greatest common divisor of 445755 and 135.
15
What is the greatest common divisor of 775 and 66805?
155
Calculate the highest common factor of 7097 and 1359.
151
Calculate the highest common factor of 1330 and 5415.
95
What is the greatest common factor of 171 and 44973?
171
What is the highest common factor of 563535 and 189?
63
Calculate the greatest common factor of 8 and 82428.
4
Calculate the highest common divisor of 153 and 61370.
17
Calculate the highest common factor of 81450 and 18.
18
What is the highest 